{"id":78687,"date":"2025-02-18T12:48:05","date_gmt":"2025-02-18T11:48:05","guid":{"rendered":"https:\/\/portaldelamarina.valordeley.es\/?page_id=78687"},"modified":"2025-10-31T12:03:19","modified_gmt":"2025-10-31T11:03:19","slug":"cafes-and-ice-cream-parlours","status":"publish","type":"page","link":"https:\/\/www.portaldelamarina.org\/en\/restaurants\/cafes-and-ice-cream-parlours\/","title":{"rendered":"Caf\u00e9s and Ice Cream Parlors in Ondara"},"content":{"rendered":"\t\t<div data-elementor-type=\"wp-page\" data-elementor-id=\"78687\" class=\"elementor elementor-78687 elementor-78695\">\n\t\t\t\t<div class=\"elementor-element elementor-element-56f64165 e-flex e-con-boxed e-con e-parent\" data-id=\"56f64165\" data-element_type=\"container\">\n\t\t\t\t\t<div class=\"e-con-inner\">\n\t\t\t\t<div class=\"elementor-element elementor-element-8705149 elementor-hidden-desktop elementor-hidden-tablet elementor-hidden-mobile elementor-widget elementor-widget-text-editor\" data-id=\"8705149\" data-element_type=\"widget\" data-widget_type=\"text-editor.default\">\n\t\t\t\t<div class=\"elementor-widget-container\">\n\t\t\t\t\t\t\t\t\t<p style=\"text-align: center;\">\u00bfAntojo de caf\u00e9, helado o un dulce capricho? En Portal de la Marina te esperan nuestras cafeter\u00edas y helader\u00edas con ambiente relajado y opciones para cualquier momento: solo, en buena compa\u00f1\u00eda o entre compras. \u00a1Haz una pausa deliciosa con nosotros!<\/p>\t\t\t\t\t\t\t\t<\/div>\n\t\t\t\t<\/div>\n\t\t\t\t\t<\/div>\n\t\t\t\t<\/div>\n\t\t\t\t<\/div>\n\t\t","protected":false},"excerpt":{"rendered":"<p>Craving coffee, ice cream, or a sweet treat? At Portal de la Marina, our cafes and ice cream shops await you with a relaxed atmosphere and options for any time: alone, with good company, or while shopping. Take a delicious break with us!<\/p>\n","protected":false},"author":3,"featured_media":1921,"parent":78667,"menu_order":0,"comment_status":"closed","ping_status":"closed","template":"page-restaurantes.php","meta":{"footnotes":""},"class_list":["post-78687","page","type-page","status-publish","has-post-thumbnail","hentry"],"yoast_head":"<!-- This site is optimized with the Yoast SEO plugin v25.4 - https:\/\/yoast.com\/wordpress\/plugins\/seo\/ -->\n<title>Caf\u00e9s and Ice Cream | Portal de la Marina Shopping Center<\/title>\n<meta name=\"description\" content=\"Looking for coffee and ice cream in Ondara?\" \/>\n<meta name=\"robots\" content=\"index, follow, max-snippet:-1, max-image-preview:large, max-video-preview:-1\" \/>\n<link rel=\"canonical\" href=\"https:\/\/www.portaldelamarina.org\/en\/restaurants\/cafes-and-ice-cream-parlours\/\" \/>\n<meta property=\"og:locale\" content=\"en_US\" \/>\n<meta property=\"og:type\" content=\"article\" \/>\n<meta property=\"og:title\" content=\"Caf\u00e9s and Ice Cream | Portal de la Marina Shopping Center\" \/>\n<meta property=\"og:description\" content=\"Looking for coffee and ice cream in Ondara?\" \/>\n<meta property=\"og:url\" content=\"https:\/\/www.portaldelamarina.org\/en\/restaurants\/cafes-and-ice-cream-parlours\/\" \/>\n<meta property=\"og:site_name\" content=\"Centro Comercial Portal de la Marina\" \/>\n<meta property=\"article:modified_time\" content=\"2025-10-31T11:03:19+00:00\" \/>\n<meta name=\"twitter:card\" content=\"summary_large_image\" \/>\n<meta name=\"twitter:label1\" content=\"Est. reading time\" \/>\n\t<meta name=\"twitter:data1\" content=\"1 minute\" \/>\n<!-- \/ Yoast SEO plugin. -->","yoast_head_json":{"title":"Caf\u00e9s and Ice Cream | Portal de la Marina Shopping Center","description":"Looking for coffee and ice cream in Ondara?","robots":{"index":"index","follow":"follow","max-snippet":"max-snippet:-1","max-image-preview":"max-image-preview:large","max-video-preview":"max-video-preview:-1"},"canonical":"https:\/\/www.portaldelamarina.org\/en\/restaurants\/cafes-and-ice-cream-parlours\/","og_locale":"en_US","og_type":"article","og_title":"Caf\u00e9s and Ice Cream | Portal de la Marina Shopping Center","og_description":"Looking for coffee and ice cream in Ondara?","og_url":"https:\/\/www.portaldelamarina.org\/en\/restaurants\/cafes-and-ice-cream-parlours\/","og_site_name":"Centro Comercial Portal de la Marina","article_modified_time":"2025-10-31T11:03:19+00:00","twitter_card":"summary_large_image","twitter_misc":{"Est. reading time":"1 minute"},"schema":{"@context":"https:\/\/schema.org","@graph":[{"@type":"WebPage","@id":"https:\/\/www.portaldelamarina.org\/en\/restaurants\/cafes-and-ice-cream-parlours\/","url":"https:\/\/www.portaldelamarina.org\/en\/restaurants\/cafes-and-ice-cream-parlours\/","name":"Caf\u00e9s and Ice Cream | Portal de la Marina Shopping Center","isPartOf":{"@id":"https:\/\/www.portaldelamarina.org\/en\/#website"},"primaryImageOfPage":{"@id":"https:\/\/www.portaldelamarina.org\/en\/restaurants\/cafes-and-ice-cream-parlours\/#primaryimage"},"image":{"@id":"https:\/\/www.portaldelamarina.org\/en\/restaurants\/cafes-and-ice-cream-parlours\/#primaryimage"},"thumbnailUrl":"","datePublished":"2025-02-18T11:48:05+00:00","dateModified":"2025-10-31T11:03:19+00:00","description":"Looking for coffee and ice cream in Ondara?","breadcrumb":{"@id":"https:\/\/www.portaldelamarina.org\/en\/restaurants\/cafes-and-ice-cream-parlours\/#breadcrumb"},"inLanguage":"en-US","potentialAction":[{"@type":"ReadAction","target":["https:\/\/www.portaldelamarina.org\/en\/restaurants\/cafes-and-ice-cream-parlours\/"]}]},{"@type":"ImageObject","inLanguage":"en-US","@id":"https:\/\/www.portaldelamarina.org\/en\/restaurants\/cafes-and-ice-cream-parlours\/#primaryimage","url":"","contentUrl":""},{"@type":"BreadcrumbList","@id":"https:\/\/www.portaldelamarina.org\/en\/restaurants\/cafes-and-ice-cream-parlours\/#breadcrumb","itemListElement":[{"@type":"ListItem","position":1,"name":"Portada","item":"https:\/\/www.portaldelamarina.org\/en\/"},{"@type":"ListItem","position":2,"name":"Restaurants in Ondara","item":"https:\/\/www.portaldelamarina.org\/en\/restaurants\/"},{"@type":"ListItem","position":3,"name":"Caf\u00e9s and Ice Cream Parlors in Ondara"}]},{"@type":"WebSite","@id":"https:\/\/www.portaldelamarina.org\/en\/#website","url":"https:\/\/www.portaldelamarina.org\/en\/","name":"Centro Comercial Portal de la Marina","description":"Centro Comercial Ondara | Portal de la Marina","publisher":{"@id":"https:\/\/www.portaldelamarina.org\/en\/#organization"},"potentialAction":[{"@type":"SearchAction","target":{"@type":"EntryPoint","urlTemplate":"https:\/\/www.portaldelamarina.org\/en\/?s={search_term_string}"},"query-input":{"@type":"PropertyValueSpecification","valueRequired":true,"valueName":"search_term_string"}}],"inLanguage":"en-US"},{"@type":"Organization","@id":"https:\/\/www.portaldelamarina.org\/en\/#organization","name":"Portal de la Marina","alternateName":"Centro Comercial Ondara | Portal de la Marina","url":"https:\/\/www.portaldelamarina.org\/en\/","logo":{"@type":"ImageObject","inLanguage":"en-US","@id":"https:\/\/www.portaldelamarina.org\/en\/#\/schema\/logo\/image\/","url":"https:\/\/www.portaldelamarina.org\/wp-content\/uploads\/2024\/10\/cropped-favicon-portal-de-la-marina.jpg","contentUrl":"https:\/\/www.portaldelamarina.org\/wp-content\/uploads\/2024\/10\/cropped-favicon-portal-de-la-marina.jpg","width":512,"height":512,"caption":"Portal de la Marina"},"image":{"@id":"https:\/\/www.portaldelamarina.org\/en\/#\/schema\/logo\/image\/"}}]}},"publishpress_future_action":{"enabled":false,"date":"2026-05-07 18:17:42","action":"change-status","newStatus":"draft","terms":[],"taxonomy":"translation_priority"},"publishpress_future_workflow_manual_trigger":{"enabledWorkflows":[]},"_links":{"self":[{"href":"https:\/\/www.portaldelamarina.org\/en\/wp-json\/wp\/v2\/pages\/78687","targetHints":{"allow":["GET"]}}],"collection":[{"href":"https:\/\/www.portaldelamarina.org\/en\/wp-json\/wp\/v2\/pages"}],"about":[{"href":"https:\/\/www.portaldelamarina.org\/en\/wp-json\/wp\/v2\/types\/page"}],"author":[{"embeddable":true,"href":"https:\/\/www.portaldelamarina.org\/en\/wp-json\/wp\/v2\/users\/3"}],"replies":[{"embeddable":true,"href":"https:\/\/www.portaldelamarina.org\/en\/wp-json\/wp\/v2\/comments?post=78687"}],"version-history":[{"count":4,"href":"https:\/\/www.portaldelamarina.org\/en\/wp-json\/wp\/v2\/pages\/78687\/revisions"}],"predecessor-version":[{"id":83266,"href":"https:\/\/www.portaldelamarina.org\/en\/wp-json\/wp\/v2\/pages\/78687\/revisions\/83266"}],"up":[{"embeddable":true,"href":"https:\/\/www.portaldelamarina.org\/en\/wp-json\/wp\/v2\/pages\/78667"}],"wp:featuredmedia":[{"embeddable":true,"href":"https:\/\/www.portaldelamarina.org\/en\/wp-json\/"}],"wp:attachment":[{"href":"https:\/\/www.portaldelamarina.org\/en\/wp-json\/wp\/v2\/media?parent=78687"}],"curies":[{"name":"wp","href":"https:\/\/api.w.org\/{rel}","templated":true}]}}

Cafés and Ice Cream Parlors in Ondara

<div data-elementor-type="wp-page" data-elementor-id="78687" class="elementor elementor-78687 elementor-78695">
				<div class="elementor-element elementor-element-56f64165 e-flex e-con-boxed e-con e-parent" data-id="56f64165" data-element_type="container">
					<div class="e-con-inner">
				<div class="elementor-element elementor-element-8705149 elementor-hidden-desktop elementor-hidden-tablet elementor-hidden-mobile elementor-widget elementor-widget-text-editor" data-id="8705149" data-element_type="widget" data-widget_type="text-editor.default">
				<div class="elementor-widget-container">
									<p style="text-align: center;">¿Antojo de café, helado o un dulce capricho? En Portal de la Marina te esperan nuestras cafeterías y heladerías con ambiente relajado y opciones para cualquier momento: solo, en buena compañía o entre compras. ¡Haz una pausa deliciosa con nosotros!</p>								</div>
				</div>
					</div>
				</div>
				</div>

<!-- This site is optimized with the Yoast SEO plugin v25.4 - https://yoast.com/wordpress/plugins/seo/ -->
<title>Cafés and Ice Cream | Portal de la Marina Shopping Center</title>
<meta name="description" content="Looking for coffee and ice cream in Ondara?" />
<meta name="robots" content="index, follow, max-snippet:-1, max-image-preview:large, max-video-preview:-1" />
<link rel="canonical" href="https://www.portaldelamarina.org/en/restaurants/cafes-and-ice-cream-parlours/" />
<meta property="og:locale" content="en_US" />
<meta property="og:type" content="article" />
<meta property="og:title" content="Cafés and Ice Cream | Portal de la Marina Shopping Center" />
<meta property="og:description" content="Looking for coffee and ice cream in Ondara?" />
<meta property="og:url" content="https://www.portaldelamarina.org/en/restaurants/cafes-and-ice-cream-parlours/" />
<meta property="og:site_name" content="Centro Comercial Portal de la Marina" />
<meta property="article:modified_time" content="2025-10-31T11:03:19+00:00" />
<meta name="twitter:card" content="summary_large_image" />
<meta name="twitter:label1" content="Est. reading time" />
	<meta name="twitter:data1" content="1 minute" />
<!-- / Yoast SEO plugin. -->

Cafés and Ice Cream | Portal de la Marina Shopping Center
