{"id":12310,"date":"2023-03-22T12:07:05","date_gmt":"2023-03-22T11:07:05","guid":{"rendered":"https:\/\/www.portaldelamarina.org\/?post_type=tiendas&#038;p=12310"},"modified":"2025-11-24T14:57:43","modified_gmt":"2025-11-24T13:57:43","slug":"nunez-de-arenas","status":"publish","type":"tiendas","link":"https:\/\/www.portaldelamarina.org\/en\/shop\/nunez-de-arenas\/","title":{"rendered":"Nu\u00f1ez de Arenas in Ondara"},"content":{"rendered":"<p>N\u00fa\u00f1ez de Arenas is an emblematic men&#8217;s fashion brand that has been caring for men since 1975. N\u00fa\u00f1ez de Arenas is 100% Spanish quality and design. But above all, N\u00fa\u00f1ez de Arenas is a great family.<\/p>\n<p>A brand that was born from the experience and passion for tailoring of Jos\u00e9 Luis N\u00fa\u00f1ez de Arenas and Francisca Cruz. A dreamy married couple whose legacy we proudly carry on today: The Next Generation of Dreamers with NDA\u2019s DNA.<\/p>\n<p>At our Portal de la Marina\u2019s store you can find everything you need to dress both for big occasions and regular ones on your day-to-day. For us, product quality is one of the essential pillars on which we base everything we do. We lovingly design each product with the person who will wear it in mind and the occasion for which they need it. Make it comfortable, durable, elegant and affordable in price. But above all, we seek to make men feel good.<\/p>\n<p>We want your experience at N\u00fa\u00f1ez de Arenas Portal de la Marina to be perfect. We value your time as a gift and we try to satisfy you whatever the occasion you need us for. From the most casual daily fashion to the most special moments like your wedding. Last year we have had the honour of being present at more than 15,000 weddings. And we would be proud to be part of yours.<\/p>\n","protected":false},"featured_media":0,"template":"","tags":[170],"class_list":["post-12310","tiendas","type-tiendas","status-publish","hentry","tag-fashion-en","tipotienda-fashion-and-accessories","tipotienda-shops"],"yoast_head":"<!-- This site is optimized with the Yoast SEO plugin v25.4 - https:\/\/yoast.com\/wordpress\/plugins\/seo\/ -->\n<title>Nu\u00f1ez de Arenas in Ondara | Portal de la Marina Shopping Center<\/title>\n<meta name=\"description\" content=\"N\u00fa\u00f1ez de Arenas is an emblematic men&#039;s fashion brand that has been caring for men since 1975. N\u00fa\u00f1ez de Arenas is 100% Spanish quality and design. But\" \/>\n<meta name=\"robots\" content=\"index, follow, max-snippet:-1, max-image-preview:large, max-video-preview:-1\" \/>\n<link rel=\"canonical\" href=\"https:\/\/www.portaldelamarina.org\/en\/shop\/nunez-de-arenas\/\" \/>\n<meta property=\"og:locale\" content=\"en_US\" \/>\n<meta property=\"og:type\" content=\"article\" \/>\n<meta property=\"og:title\" content=\"Nu\u00f1ez de Arenas in Ondara | Portal de la Marina Shopping Center\" \/>\n<meta property=\"og:description\" content=\"N\u00fa\u00f1ez de Arenas is an emblematic men&#039;s fashion brand that has been caring for men since 1975. N\u00fa\u00f1ez de Arenas is 100% Spanish quality and design. But\" \/>\n<meta property=\"og:url\" content=\"https:\/\/www.portaldelamarina.org\/en\/shop\/nunez-de-arenas\/\" \/>\n<meta property=\"og:site_name\" content=\"Centro Comercial Portal de la Marina\" \/>\n<meta property=\"article:modified_time\" content=\"2025-11-24T13:57:43+00:00\" \/>\n<meta name=\"twitter:card\" content=\"summary_large_image\" \/>\n<meta name=\"twitter:label1\" content=\"Est. reading time\" \/>\n\t<meta name=\"twitter:data1\" content=\"2 minutes\" \/>\n<!-- \/ Yoast SEO plugin. -->","yoast_head_json":{"title":"Nu\u00f1ez de Arenas in Ondara | Portal de la Marina Shopping Center","description":"N\u00fa\u00f1ez de Arenas is an emblematic men's fashion brand that has been caring for men since 1975. N\u00fa\u00f1ez de Arenas is 100% Spanish quality and design. But","robots":{"index":"index","follow":"follow","max-snippet":"max-snippet:-1","max-image-preview":"max-image-preview:large","max-video-preview":"max-video-preview:-1"},"canonical":"https:\/\/www.portaldelamarina.org\/en\/shop\/nunez-de-arenas\/","og_locale":"en_US","og_type":"article","og_title":"Nu\u00f1ez de Arenas in Ondara | Portal de la Marina Shopping Center","og_description":"N\u00fa\u00f1ez de Arenas is an emblematic men's fashion brand that has been caring for men since 1975. N\u00fa\u00f1ez de Arenas is 100% Spanish quality and design. But","og_url":"https:\/\/www.portaldelamarina.org\/en\/shop\/nunez-de-arenas\/","og_site_name":"Centro Comercial Portal de la Marina","article_modified_time":"2025-11-24T13:57:43+00:00","twitter_card":"summary_large_image","twitter_misc":{"Est. reading time":"2 minutes"},"schema":{"@context":"https:\/\/schema.org","@graph":[{"@type":"WebPage","@id":"https:\/\/www.portaldelamarina.org\/en\/shop\/nunez-de-arenas\/","url":"https:\/\/www.portaldelamarina.org\/en\/shop\/nunez-de-arenas\/","name":"Nu\u00f1ez de Arenas in Ondara | Portal de la Marina Shopping Center","isPartOf":{"@id":"https:\/\/www.portaldelamarina.org\/en\/#website"},"datePublished":"2023-03-22T11:07:05+00:00","dateModified":"2025-11-24T13:57:43+00:00","description":"N\u00fa\u00f1ez de Arenas is an emblematic men's fashion brand that has been caring for men since 1975. N\u00fa\u00f1ez de Arenas is 100% Spanish quality and design. But","breadcrumb":{"@id":"https:\/\/www.portaldelamarina.org\/en\/shop\/nunez-de-arenas\/#breadcrumb"},"inLanguage":"en-US","potentialAction":[{"@type":"ReadAction","target":["https:\/\/www.portaldelamarina.org\/en\/shop\/nunez-de-arenas\/"]}]},{"@type":"BreadcrumbList","@id":"https:\/\/www.portaldelamarina.org\/en\/shop\/nunez-de-arenas\/#breadcrumb","itemListElement":[{"@type":"ListItem","position":1,"name":"Portada","item":"https:\/\/www.portaldelamarina.org\/en\/"},{"@type":"ListItem","position":2,"name":"Tiendas","item":"https:\/\/www.portaldelamarina.org\/en\/shop\/"},{"@type":"ListItem","position":3,"name":"Nu\u00f1ez de Arenas in Ondara"}]},{"@type":"WebSite","@id":"https:\/\/www.portaldelamarina.org\/en\/#website","url":"https:\/\/www.portaldelamarina.org\/en\/","name":"Centro Comercial Portal de la Marina","description":"Centro Comercial Ondara | Portal de la Marina","publisher":{"@id":"https:\/\/www.portaldelamarina.org\/en\/#organization"},"potentialAction":[{"@type":"SearchAction","target":{"@type":"EntryPoint","urlTemplate":"https:\/\/www.portaldelamarina.org\/en\/?s={search_term_string}"},"query-input":{"@type":"PropertyValueSpecification","valueRequired":true,"valueName":"search_term_string"}}],"inLanguage":"en-US"},{"@type":"Organization","@id":"https:\/\/www.portaldelamarina.org\/en\/#organization","name":"Portal de la Marina","alternateName":"Centro Comercial Ondara | Portal de la Marina","url":"https:\/\/www.portaldelamarina.org\/en\/","logo":{"@type":"ImageObject","inLanguage":"en-US","@id":"https:\/\/www.portaldelamarina.org\/en\/#\/schema\/logo\/image\/","url":"https:\/\/www.portaldelamarina.org\/wp-content\/uploads\/2024\/10\/cropped-favicon-portal-de-la-marina.jpg","contentUrl":"https:\/\/www.portaldelamarina.org\/wp-content\/uploads\/2024\/10\/cropped-favicon-portal-de-la-marina.jpg","width":512,"height":512,"caption":"Portal de la Marina"},"image":{"@id":"https:\/\/www.portaldelamarina.org\/en\/#\/schema\/logo\/image\/"}}]}},"publishpress_future_action":{"enabled":false,"date":"2026-05-09 12:53:15","action":"change-status","newStatus":"draft","terms":[],"taxonomy":"post_tag"},"publishpress_future_workflow_manual_trigger":{"enabledWorkflows":[]},"_links":{"self":[{"href":"https:\/\/www.portaldelamarina.org\/en\/wp-json\/wp\/v2\/tiendas\/12310","targetHints":{"allow":["GET"]}}],"collection":[{"href":"https:\/\/www.portaldelamarina.org\/en\/wp-json\/wp\/v2\/tiendas"}],"about":[{"href":"https:\/\/www.portaldelamarina.org\/en\/wp-json\/wp\/v2\/types\/tiendas"}],"version-history":[{"count":2,"href":"https:\/\/www.portaldelamarina.org\/en\/wp-json\/wp\/v2\/tiendas\/12310\/revisions"}],"predecessor-version":[{"id":83514,"href":"https:\/\/www.portaldelamarina.org\/en\/wp-json\/wp\/v2\/tiendas\/12310\/revisions\/83514"}],"wp:attachment":[{"href":"https:\/\/www.portaldelamarina.org\/en\/wp-json\/wp\/v2\/media?parent=12310"}],"wp:term":[{"taxonomy":"post_tag","embeddable":true,"href":"https:\/\/www.portaldelamarina.org\/en\/wp-json\/wp\/v2\/tags?post=12310"}],"curies":[{"name":"wp","href":"https:\/\/api.w.org\/{rel}","templated":true}]}}

Nuñez de Arenas in Ondara

<p>Núñez de Arenas is an emblematic men&#8217;s fashion brand that has been caring for men since 1975. Núñez de Arenas is 100% Spanish quality and design. But above all, Núñez de Arenas is a great family.</p>
<p>A brand that was born from the experience and passion for tailoring of José Luis Núñez de Arenas and Francisca Cruz. A dreamy married couple whose legacy we proudly carry on today: The Next Generation of Dreamers with NDA’s DNA.</p>
<p>At our Portal de la Marina’s store you can find everything you need to dress both for big occasions and regular ones on your day-to-day. For us, product quality is one of the essential pillars on which we base everything we do. We lovingly design each product with the person who will wear it in mind and the occasion for which they need it. Make it comfortable, durable, elegant and affordable in price. But above all, we seek to make men feel good.</p>
<p>We want your experience at Núñez de Arenas Portal de la Marina to be perfect. We value your time as a gift and we try to satisfy you whatever the occasion you need us for. From the most casual daily fashion to the most special moments like your wedding. Last year we have had the honour of being present at more than 15,000 weddings. And we would be proud to be part of yours.</p>

<!-- This site is optimized with the Yoast SEO plugin v25.4 - https://yoast.com/wordpress/plugins/seo/ -->
<title>Nuñez de Arenas in Ondara | Portal de la Marina Shopping Center</title>
<meta name="description" content="Núñez de Arenas is an emblematic men&#039;s fashion brand that has been caring for men since 1975. Núñez de Arenas is 100% Spanish quality and design. But" />
<meta name="robots" content="index, follow, max-snippet:-1, max-image-preview:large, max-video-preview:-1" />
<link rel="canonical" href="https://www.portaldelamarina.org/en/shop/nunez-de-arenas/" />
<meta property="og:locale" content="en_US" />
<meta property="og:type" content="article" />
<meta property="og:title" content="Nuñez de Arenas in Ondara | Portal de la Marina Shopping Center" />
<meta property="og:description" content="Núñez de Arenas is an emblematic men&#039;s fashion brand that has been caring for men since 1975. Núñez de Arenas is 100% Spanish quality and design. But" />
<meta property="og:url" content="https://www.portaldelamarina.org/en/shop/nunez-de-arenas/" />
<meta property="og:site_name" content="Centro Comercial Portal de la Marina" />
<meta property="article:modified_time" content="2025-11-24T13:57:43+00:00" />
<meta name="twitter:card" content="summary_large_image" />
<meta name="twitter:label1" content="Est. reading time" />
	<meta name="twitter:data1" content="2 minutes" />
<!-- / Yoast SEO plugin. -->

Nuñez de Arenas in Ondara | Portal de la Marina Shopping Center

Núñez de Arenas is an emblematic men's fashion brand that has been caring for men since 1975. Núñez de Arenas is 100% Spanish quality and design. But
