{"id":81600,"date":"2025-06-05T10:54:20","date_gmt":"2025-06-05T08:54:20","guid":{"rendered":"https:\/\/portaldelamarina.valordeley.es\/tienda\/book-house\/"},"modified":"2026-02-03T10:07:59","modified_gmt":"2026-02-03T09:07:59","slug":"casa-del-libro","status":"publish","type":"tiendas","link":"https:\/\/www.portaldelamarina.org\/en\/shop\/casa-del-libro\/","title":{"rendered":"Casa del Libro in Ondara"},"content":{"rendered":"<p>Casa del Libro ampl\u00eda su presencia en la provincia de Alicante con la apertura de la nueva librer\u00eda ubicada en el Centro Comercial Portal de la Marina, un espacio concebido para ser el nexo de uni\u00f3n entre los vecinos y visitantes de la Marina Alta.<\/p>\n<p>Esta nueva librer\u00eda representa un hito para la comunidad lectora de Ondara y Denia, siendo adem\u00e1s nuestra segunda librer\u00eda \u201cmodelo compact\u201d que tiene como objetivo maximizar la oferta literaria en espacios m\u00e1s flexibles y vers\u00e1tiles.<\/p>\n<p>Un espacio de 145 metros cuadrados, con m\u00e1s de 12.000 libros, y donde los amantes de la lectura podr\u00e1n disfrutar desde los Libros Imprescindibles, con las \u00faltimas novedades, grandes cl\u00e1sicos, Books in English, literatura Infantil, todo para los #J\u00f3venesLectores, C\u00f3mic y Manga.<\/p>\n<p>Con este nuevo punto de encuentro literario, Casa del Libro refuerza su apuesta por la difusi\u00f3n cultural y el fomento de la lectura en la ciudad. Queremos que nuestra librer\u00eda en Ondara sea un lugar donde los lectores descubran nuevas historias, participen en actividades literarias y se encuentren con autores locales.<\/p>\n<p>Todos los lectores podr\u00e1n formar parte de nuestro programa de fidelizaci\u00f3n gratuito, convertirse as\u00ed en nuestros Socios y disfrutar de ventajas y acciones exclusivas.<\/p>\n<p>Te invitamos a descubrir este nuevo espacio, donde cada lector encontrar\u00e1 su pr\u00f3xima gran historia.<\/p>\n<p><strong>Casa del Libro<\/strong><\/p>\n<p><strong><em>Una vida de Libros. Una vida m\u00e1s libre<\/em><\/strong><\/p>\n","protected":false},"featured_media":0,"template":"","tags":[207,215],"class_list":["post-81600","tiendas","type-tiendas","status-publish","hentry","tag-leisure-en","tag-leisure-and-culture-en","tipotienda-leisure-and-culture-en","tipotienda-shops"],"yoast_head":"<!-- This site is optimized with the Yoast SEO plugin v25.4 - https:\/\/yoast.com\/wordpress\/plugins\/seo\/ -->\n<title>Casa del Libro in Ondara | Portal de la Marina Shopping Center<\/title>\n<meta name=\"description\" content=\"Casa del Libro ampl\u00eda su presencia en la provincia de Alicante con la apertura de la nueva librer\u00eda ubicada en el Centro Comercial Portal de la Marina, un\" \/>\n<meta name=\"robots\" content=\"index, follow, max-snippet:-1, max-image-preview:large, max-video-preview:-1\" \/>\n<link rel=\"canonical\" href=\"https:\/\/www.portaldelamarina.org\/en\/shop\/casa-del-libro\/\" \/>\n<meta property=\"og:locale\" content=\"en_US\" \/>\n<meta property=\"og:type\" content=\"article\" \/>\n<meta property=\"og:title\" content=\"Casa del Libro in Ondara | Portal de la Marina Shopping Center\" \/>\n<meta property=\"og:description\" content=\"Casa del Libro ampl\u00eda su presencia en la provincia de Alicante con la apertura de la nueva librer\u00eda ubicada en el Centro Comercial Portal de la Marina, un\" \/>\n<meta property=\"og:url\" content=\"https:\/\/www.portaldelamarina.org\/en\/shop\/casa-del-libro\/\" \/>\n<meta property=\"og:site_name\" content=\"Centro Comercial Portal de la Marina\" \/>\n<meta property=\"article:modified_time\" content=\"2026-02-03T09:07:59+00:00\" \/>\n<meta name=\"twitter:card\" content=\"summary_large_image\" \/>\n<meta name=\"twitter:label1\" content=\"Est. reading time\" \/>\n\t<meta name=\"twitter:data1\" content=\"2 minutes\" \/>\n<!-- \/ Yoast SEO plugin. -->","yoast_head_json":{"title":"Casa del Libro in Ondara | Portal de la Marina Shopping Center","description":"Casa del Libro ampl\u00eda su presencia en la provincia de Alicante con la apertura de la nueva librer\u00eda ubicada en el Centro Comercial Portal de la Marina, un","robots":{"index":"index","follow":"follow","max-snippet":"max-snippet:-1","max-image-preview":"max-image-preview:large","max-video-preview":"max-video-preview:-1"},"canonical":"https:\/\/www.portaldelamarina.org\/en\/shop\/casa-del-libro\/","og_locale":"en_US","og_type":"article","og_title":"Casa del Libro in Ondara | Portal de la Marina Shopping Center","og_description":"Casa del Libro ampl\u00eda su presencia en la provincia de Alicante con la apertura de la nueva librer\u00eda ubicada en el Centro Comercial Portal de la Marina, un","og_url":"https:\/\/www.portaldelamarina.org\/en\/shop\/casa-del-libro\/","og_site_name":"Centro Comercial Portal de la Marina","article_modified_time":"2026-02-03T09:07:59+00:00","twitter_card":"summary_large_image","twitter_misc":{"Est. reading time":"2 minutes"},"schema":{"@context":"https:\/\/schema.org","@graph":[{"@type":"WebPage","@id":"https:\/\/www.portaldelamarina.org\/en\/shop\/casa-del-libro\/","url":"https:\/\/www.portaldelamarina.org\/en\/shop\/casa-del-libro\/","name":"Casa del Libro in Ondara | Portal de la Marina Shopping Center","isPartOf":{"@id":"https:\/\/www.portaldelamarina.org\/en\/#website"},"datePublished":"2025-06-05T08:54:20+00:00","dateModified":"2026-02-03T09:07:59+00:00","description":"Casa del Libro ampl\u00eda su presencia en la provincia de Alicante con la apertura de la nueva librer\u00eda ubicada en el Centro Comercial Portal de la Marina, un","breadcrumb":{"@id":"https:\/\/www.portaldelamarina.org\/en\/shop\/casa-del-libro\/#breadcrumb"},"inLanguage":"en-US","potentialAction":[{"@type":"ReadAction","target":["https:\/\/www.portaldelamarina.org\/en\/shop\/casa-del-libro\/"]}]},{"@type":"BreadcrumbList","@id":"https:\/\/www.portaldelamarina.org\/en\/shop\/casa-del-libro\/#breadcrumb","itemListElement":[{"@type":"ListItem","position":1,"name":"Portada","item":"https:\/\/www.portaldelamarina.org\/en\/"},{"@type":"ListItem","position":2,"name":"Tiendas","item":"https:\/\/www.portaldelamarina.org\/en\/shop\/"},{"@type":"ListItem","position":3,"name":"Casa del Libro in Ondara"}]},{"@type":"WebSite","@id":"https:\/\/www.portaldelamarina.org\/en\/#website","url":"https:\/\/www.portaldelamarina.org\/en\/","name":"Centro Comercial Portal de la Marina","description":"Centro Comercial Ondara | Portal de la Marina","publisher":{"@id":"https:\/\/www.portaldelamarina.org\/en\/#organization"},"potentialAction":[{"@type":"SearchAction","target":{"@type":"EntryPoint","urlTemplate":"https:\/\/www.portaldelamarina.org\/en\/?s={search_term_string}"},"query-input":{"@type":"PropertyValueSpecification","valueRequired":true,"valueName":"search_term_string"}}],"inLanguage":"en-US"},{"@type":"Organization","@id":"https:\/\/www.portaldelamarina.org\/en\/#organization","name":"Portal de la Marina","alternateName":"Centro Comercial Ondara | Portal de la Marina","url":"https:\/\/www.portaldelamarina.org\/en\/","logo":{"@type":"ImageObject","inLanguage":"en-US","@id":"https:\/\/www.portaldelamarina.org\/en\/#\/schema\/logo\/image\/","url":"https:\/\/www.portaldelamarina.org\/wp-content\/uploads\/2024\/10\/cropped-favicon-portal-de-la-marina.jpg","contentUrl":"https:\/\/www.portaldelamarina.org\/wp-content\/uploads\/2024\/10\/cropped-favicon-portal-de-la-marina.jpg","width":512,"height":512,"caption":"Portal de la Marina"},"image":{"@id":"https:\/\/www.portaldelamarina.org\/en\/#\/schema\/logo\/image\/"}}]}},"publishpress_future_action":{"enabled":false,"date":"2026-05-10 14:09:19","action":"change-status","newStatus":"draft","terms":[],"taxonomy":"post_tag"},"publishpress_future_workflow_manual_trigger":{"enabledWorkflows":[]},"_links":{"self":[{"href":"https:\/\/www.portaldelamarina.org\/en\/wp-json\/wp\/v2\/tiendas\/81600","targetHints":{"allow":["GET"]}}],"collection":[{"href":"https:\/\/www.portaldelamarina.org\/en\/wp-json\/wp\/v2\/tiendas"}],"about":[{"href":"https:\/\/www.portaldelamarina.org\/en\/wp-json\/wp\/v2\/types\/tiendas"}],"version-history":[{"count":7,"href":"https:\/\/www.portaldelamarina.org\/en\/wp-json\/wp\/v2\/tiendas\/81600\/revisions"}],"predecessor-version":[{"id":83428,"href":"https:\/\/www.portaldelamarina.org\/en\/wp-json\/wp\/v2\/tiendas\/81600\/revisions\/83428"}],"wp:attachment":[{"href":"https:\/\/www.portaldelamarina.org\/en\/wp-json\/wp\/v2\/media?parent=81600"}],"wp:term":[{"taxonomy":"post_tag","embeddable":true,"href":"https:\/\/www.portaldelamarina.org\/en\/wp-json\/wp\/v2\/tags?post=81600"}],"curies":[{"name":"wp","href":"https:\/\/api.w.org\/{rel}","templated":true}]}}

<p>Casa del Libro amplía su presencia en la provincia de Alicante con la apertura de la nueva librería ubicada en el Centro Comercial Portal de la Marina, un espacio concebido para ser el nexo de unión entre los vecinos y visitantes de la Marina Alta.</p>
<p>Esta nueva librería representa un hito para la comunidad lectora de Ondara y Denia, siendo además nuestra segunda librería “modelo compact” que tiene como objetivo maximizar la oferta literaria en espacios más flexibles y versátiles.</p>
<p>Un espacio de 145 metros cuadrados, con más de 12.000 libros, y donde los amantes de la lectura podrán disfrutar desde los Libros Imprescindibles, con las últimas novedades, grandes clásicos, Books in English, literatura Infantil, todo para los #JóvenesLectores, Cómic y Manga.</p>
<p>Con este nuevo punto de encuentro literario, Casa del Libro refuerza su apuesta por la difusión cultural y el fomento de la lectura en la ciudad. Queremos que nuestra librería en Ondara sea un lugar donde los lectores descubran nuevas historias, participen en actividades literarias y se encuentren con autores locales.</p>
<p>Todos los lectores podrán formar parte de nuestro programa de fidelización gratuito, convertirse así en nuestros Socios y disfrutar de ventajas y acciones exclusivas.</p>
<p>Te invitamos a descubrir este nuevo espacio, donde cada lector encontrará su próxima gran historia.</p>
<p><strong>Casa del Libro</strong></p>
<p><strong><em>Una vida de Libros. Una vida más libre</em></strong></p>

<!-- This site is optimized with the Yoast SEO plugin v25.4 - https://yoast.com/wordpress/plugins/seo/ -->
<title>Casa del Libro in Ondara | Portal de la Marina Shopping Center</title>
<meta name="description" content="Casa del Libro amplía su presencia en la provincia de Alicante con la apertura de la nueva librería ubicada en el Centro Comercial Portal de la Marina, un" />
<meta name="robots" content="index, follow, max-snippet:-1, max-image-preview:large, max-video-preview:-1" />
<link rel="canonical" href="https://www.portaldelamarina.org/en/shop/casa-del-libro/" />
<meta property="og:locale" content="en_US" />
<meta property="og:type" content="article" />
<meta property="og:title" content="Casa del Libro in Ondara | Portal de la Marina Shopping Center" />
<meta property="og:description" content="Casa del Libro amplía su presencia en la provincia de Alicante con la apertura de la nueva librería ubicada en el Centro Comercial Portal de la Marina, un" />
<meta property="og:url" content="https://www.portaldelamarina.org/en/shop/casa-del-libro/" />
<meta property="og:site_name" content="Centro Comercial Portal de la Marina" />
<meta property="article:modified_time" content="2026-02-03T09:07:59+00:00" />
<meta name="twitter:card" content="summary_large_image" />
<meta name="twitter:label1" content="Est. reading time" />
	<meta name="twitter:data1" content="2 minutes" />
<!-- / Yoast SEO plugin. -->

Casa del Libro amplía su presencia en la provincia de Alicante con la apertura de la nueva librería ubicada en el Centro Comercial Portal de la Marina, un
